t p(h) = 34*h - 1. Let j(o) = -6*p(o) - 13*z(o). Let i be -2 + 0 - (-1 - -3). Is 17 a factor of j(i)?
False
Let a be 2/(4/66) + 0. Let g(n) = 5*n**2 - 73*n - 29. Let d be g(15). Is 15 a factor of a - ((-2 - -4) + d)?
True
Suppose 11*h - 8*h + 246 = 0. Let z = -26 - h. Is z a multiple of 24?
False
Suppose 473 = 5*q - 1147. Suppose -5*l + 5*c + 168 = -222, 0 = 4*l - c - q. Is l a multiple of 40?
False
Let m = -10 + 11. Suppose -d + m = -2. Let a(u) = -u**3 + 8*u**2 - u - 4. Is a(d) a multiple of 12?
False
Suppose -893 + 2729 = 6*c. Is c a multiple of 34?
True
Let v = -4 - -3. Let y be 3/(v + -2)*-4. Suppose -f = -y*f + 255. Is f a multiple of 24?
False
Let c = -57 + 35. Does 9 divide 1408/18 - c/(-99)?
False
Let p(f) = -5*f + f**2 + 4*f + 102 + 0*f. Is 34 a factor of p(0)?
True
Is 10 a factor of 1/(-8 - (-15205)/1900)?
True
Let d(b) = -b**2 - 19*b - 19. Suppose -46 = 4*q + 18. Does 27 divide d(q)?
False
Let y be (-1 + 3)*-5*4/(-8). Suppose 0 = -r + j + 74 + 26, y*r = j + 516. Does 27 divide r?
False
Suppose -4*w - 2*h - 9 = -7*w, -5*w - 3*h = -34. Suppose 4*z - d - 111 = 4, 35 = 2*z - w*d. Does 7 divide z?
False
Let v(c) = -14*c - 6. Suppose -5*h = 2*y + 39, 5*y + 3*h = 3*y - 37. Let l(w) = -41*w - 18. Let g(m) = y*v(m) + 6*l(m). Is g(-6) a multiple of 14?
True
Let y(g) = 17*g - 6. Let b(w) be the first derivative of 17*w**2/2 - 5*w - 2. Let s(j) = 3*b(j) - 2*y(j). Is s(3) a multiple of 13?
False
Let w(c) = 4*c**2 - 4. Suppose 0 = -5*p + 3*p - 10. Does 16 divide w(p)?
True
Suppose 0 = -2*a + 6, -19*v - 5*a + 27 = -17*v. Let c(r) = 0*r - r**3 + 0*r**3 + 6 + 7*r**2 - 3*r. Is 24 a factor of c(v)?
True
Suppose -p + 15*c = 13*c - 144, -20 = -4*c. Does 77 divide p?
True
Let p = 74 - 88. Does 13 divide 48/(-112) + (-4920)/p + 1?
False
Let b(a) = 11*a - 17. Let o = 12 + -6. Is b(o) a multiple of 27?
False
Suppose 64 + 92 = -6*b. Let p be 4*(2 + 78/(-4)). Let q = b - p. Is q a multiple of 11?
True
Let g = -60 - -64. Suppose -4*b = -3*z + 7*z - 684, -g = z. Does 25 divide b?
True
Let j = 80 - 40. Does 28 divide ((-32)/j)/((-3)/960)?
False
Let t = -901 + 1993. Is t a multiple of 74?
False
Let y(j) = j**2 + 10*j + 12. Let l be y(-8). Does 11 divide (76/(-12) - l)/(2/(-12))?
False
Suppose -h + 5*t + 8 = 0, -5*h - 3*t + 2*t + 14 = 0. Is 19 a factor of 213/h - -4 - -1?
True
Let b = 192 + -2. Does 19 divide b?
True
Let f(d) = 36*d - 165. Is f(6) a multiple of 3?
True
Suppose -2*k - 14 = -9*k. Suppose k*c - 72 = 2*o, 0*o = 2*o + 2. Is c a multiple of 5?
True
Suppose -3*z + 268 = z. Let g = -7 + z. Does 20 divide g?
True
Suppose -7 = 2*v - 3*v. Suppose 0 = 5*h - j - 178, 4*h + 4*j - 121 - v = 0. Is h a multiple of 35?
True
Let b be ((-108)/(-6))/(-1 - -2 - -1). Suppose b*p + 6 = 10*p. Is p a multiple of 6?
True
Let s be 3/5 + 620/50. Let z = s - 8. Does 2 divide z?
False
Suppose 3*o + 2*k - 18 = -k, 3*o = -4*k + 20. Let v = 30 + o. Does 14 divide v?
False
Let j = 1470 + -820. Is j a multiple of 6?
False
Let x = 2262 + -858. Is x a multiple of 18?
True
Let p(b) = -b**2 - b + 46. Let t be p(0). Suppose 0 = 11*s - 0*s - 22. Suppose -2*y + 2*q = -t, s*y - 6*y = -q - 80. Is 12 a factor of y?
False
Let h(j) = 5*j + 3*j**2 - j + j**2 - 3*j - j**3. Let i be h(4). Suppose -280 = -i*x - x. Is 18 a factor of x?
False
Let u be (12/15)/((-4)/(-30)). Suppose -20 = -5*h, u*m - 4*m = -3*h + 90. Is 13 a factor of m?
True
Let s(m) = 3*m**2 + 6*m + 4. Let y be 4/7 + 606/42. Let l = 11 - y. Does 7 divide s(l)?
True
Let y(w) = -w**3 + 15*w**2 - 13*w - 16. Let f be y(14). Let k be (-2)/(f + (-12)/(-8)). Suppose -k*o + 114 = -78. Does 16 divide o?
True
Let r be 0 + 3 + (-1794)/(-6). Let z = r + -170. Suppose -2*o = 52 - z. Is 10 a factor of o?
True
Let j be 0/(-3 + 6 + -2). Let t be (j - -8) + (-12)/4. Suppose 2*r - t*a - 69 = 97, 0 = -2*r + a + 150. Is 24 a factor of r?
False
Let i = 6 - 4. Suppose 5*v = 3*p + 168, -2*p + 7*p = 20. Suppose 74 = i*c - v. Does 11 divide c?
True
Let q be 2*2/(-4)*-5. Suppose -42 - 113 = q*l. Let v = 78 + l. Is 11 a factor of v?
False
Let r(t) = -4*t**3 - t**2 - 5*t - 2. Suppose -3*m - 6 = -i, 4*i - 3*m - 18 = 7*i. Is 16 a factor of r(i)?
True
Let s(n) = 50*n - 263. Is s(9) even?
False
Let d(g) = 14*g - 7. Let u be d(-1). Is 2 a factor of 12/14*(-14 - u)?
True
Suppose k - 9 = -5*p - 0, 0 = 5*p - 5*k - 15. Does 40 divide 85 - 2 - p/((-4)/(-6))?
True
Let k(b) = 12*b + 10*b + 27*b + 1. Let s(u) = -u**3 + 5*u**2 - 5*u + 5. Let j be s(4). Is k(j) a multiple of 9?
False
Let o(q) = 687*q - 259. Is o(5) a multiple of 14?
False
Let z = -794 - -870. Does 38 divide z?
True
Suppose 20*q = 16*q + 13968. Does 36 divide q?
True
Is 10 a factor of 74*(-6)/3*(-84)/24?
False
Does 29 divide (6 - (-1340 - -4)) + -8?
True
Let h(i) be the second derivative of -19*i**5/4 - i**4/6 - i**3/3 - 19*i. Is h(-1) a multiple of 19?
True
Let u be (4 - 37)*-6 - 1. Suppose 6 = 7*g - u. Let m = g + 21. Is m a multiple of 10?
True
Let f(a) = -a**3 - 8*a**2 - a - 3. Let h be f(-8). Suppose 50 = h*w + 2*b - 319, -237 = -3*w + 4*b. Is 45 a factor of w?
False
Let v = -1 - -2. Let j(l) = l**2 + 3*l - 46. Let d be j(5). Is ((-2 - d) + v)*1 a multiple of 5?
True
Suppose 5*x + 1122 + 2108 = 0. Is (-4)/(-18) - x*(-2)/(-18) a multiple of 24?
True
Let t(k) = k**2 + 15*k + 15. Suppose -28 = 2*o + 2*q, 0*o = 2*o + 3*q + 27. Does 10 divide t(o)?
False
Suppose -w + 4136 = 4204. Suppose -2*p + 274 = -0*u - 3*u, 0 = -4*p - u + 562. Let b = p + w. Is b a multiple of 22?
False
Is 23 a factor of 2 + 3 - (-367 - (-11 + 6))?
False
Is ((-16014)/9*1)/(8/(-12)) a multiple of 50?
False
Let r(h) = -27 + 3 - 6*h + 0. Is 5 a factor of r(-8)?
False
Suppose -4*r - 4 = -w - 3, -5*r - 5*w + 30 = 0. Suppose -2 = -s + r. Suppose 5*f + 31 = n, -5*n + 190 = s*f + 7. Is 18 a factor of n?
True
Let n(f) = -3*f**3 - 3*f**2 + 4. Let b be n(4). Let w = -169 - b. Let c = -38 + w. Is c a multiple of 7?
False
Suppose 3*p + 3*o - 12 = -2*p, 2*o - 8 = p. Suppose -74 = -3*f + y, -2*y + p*y = 2*f - 60. Let d = f - 18. Is d a multiple of 8?
True
Let w(c) be the second derivative of -c**4/12 + 5*c**3/3 - 3*c. Let d be w(9). Does 2 divide d - 5/(10/4)?
False
Suppose 24*r = 25*r - 56. Suppose 2*b = 2, -18 = -3*x - 2*b + r. Is 6 a factor of x?
True
Suppose -3*x - 18 = 3*b, 0 = -2*x - 2*b + 3*b - 21. Let y = 15 + x. Suppose 7*r - y*r = 51. Does 13 divide r?
False
Let k(b) = b**3 - 21*b**2 + 20*b - 30. Let w be k(20). Let a = w + 105. Does 15 divide a?
True
Let c(d) = d**2 + 14*d - 38. Does 19 divide c(-20)?
False
Let u(g) = g**2 + 8*g + 12. Suppose -3 = -3*h + 3*w, 3*w - 10 = -4*h + 1. Suppose 0 = 2*m - h*o + 18, 5*m = o - 5*o - 36. Is u(m) a multiple of 12?
True
Let m be (-15)/(-6) - 2/(-4). Suppose -l - 5*k = -m - 12, 6 = 5*l + 2*k. Suppose 0 = 2*z - 4*s - 52, -3*z + 76 = -l*z - 5*s. Does 7 divide z?
False
Let m(a) = -4 - 5*a**3 - 2*a**2 - 5*a**2 + a**2 - 12*a + 3*a**3. Is m(-6) a multiple of 14?
False
Let s(u) = -u + 13. Let h be s(11). Suppose 5*b - h = c, 3 = 3*c - 5*b - 1. Suppose -c*w = -7*w + 12. Is w even?
False
Let z be 88/16 + 2*3/12. Suppose 2*v = z*v - 44. Does 11 divide v?
True
Let o = -12 + 14. Suppose 4*r - r = -o*w - 10, r = w - 5. Let a(y) = -6*y - 4. Is 20 a factor of a(r)?
True
Suppose 5*r = 2*f - 385, -3*f + 3*r + 535 = 4*r. Suppose 4*l - 5*m = 802, 5*m - 8 = -l + f. Is l a multiple of 9?
True
Suppose -3*n + 5*w = -17, -5*w - 2 = -n - 3. Suppose -4*r + n*r = 0. Suppose -5*b + m = -3*m - 415, r = 4*m. Does 15 divide b?
False
Suppose -4*i - d + 28 = d, -5*i - 5*d + 35 = 0. Is 5 a factor of 2*(i/3 - 2)*9?
False
Let a(i) = 55*i**2 + 4*i + 4. Does 36 divide a(-2)?
True
Suppose -8*b + 8275 = -3*b. Suppose 14*q - b = 1019. Does 28 divide q?
False
Let l(q) be the first derivative of q**4/4 - 2*q**3/3 - q**2/2 + 28. Let u = 2 + 2. Is 12 a factor of l(u)?
False
Let d be 0 - (0 + 1 + -5). Suppose -4*g - 2*r = -96, -d*g + 55 = 3*r - 39. Is 4 a factor of g?
False
Suppose -67 - 68 = -g. Is 27 a factor of g?
True
Let i(f) = 20*f**2 + 2*f - 4. Is i(1) a multiple of 14?
False
Let q = 8324 - 4073. Is 12 a factor of q?
False
Let q = 100 + -52. Suppose 4*j - q = 64. Does 11 divide j?
False
Suppose 3*d + 1 = -0*d + m, -2*d + 2*m - 2 = 0. Suppose d = -5*l + 2*s + s - 17, 5*l + s = -21. Is (6/l)/((-3)/8) even?
True
Suppose 3*x = -4*m + 150, 2*x